{"id":125,"date":"2025-09-25T06:22:03","date_gmt":"2025-09-25T06:22:03","guid":{"rendered":"https:\/\/registrogeneralprofesionales.eu\/?page_id=125"},"modified":"2026-03-28T08:37:59","modified_gmt":"2026-03-28T08:37:59","slug":"miembros-de-rgp","status":"publish","type":"page","link":"https:\/\/registrogeneralprofesionales.eu\/?page_id=125","title":{"rendered":"Miembros de RGP"},"content":{"rendered":"\n<p>Estimados miembros,<\/p>\n\n\n\n<p>Es un honor darles la m\u00e1s cordial bienvenida al <strong>Registro General de Profesionales de la Uni\u00f3n Europea<\/strong>, un espacio creado para reconocer, fortalecer y visibilizar la labor de quienes, desde diversas disciplinas, contribuyen al progreso, la innovaci\u00f3n y la cooperaci\u00f3n en nuestra comunidad europea.<\/p>\n\n\n\n<p>Su incorporaci\u00f3n a este registro no solo constituye un reconocimiento a su trayectoria y compromiso profesional, sino tambi\u00e9n una oportunidad para integrarse a una red que fomenta la excelencia, la colaboraci\u00f3n interdisciplinar y el intercambio de conocimientos entre los distintos Estados miembros.<\/p>\n\n\n\n<p>El objetivo de este registro es promover la confianza mutua, facilitar la movilidad profesional y respaldar el desarrollo de proyectos que generen un impacto positivo en nuestra sociedad. Confiamos en que su participaci\u00f3n ser\u00e1 valiosa para enriquecer este espacio y fortalecer el esp\u00edritu de unidad y cooperaci\u00f3n que caracteriza a la Uni\u00f3n Europea.<\/p>\n\n\n\n<p>Les <a href=\"https:\/\/registrogeneralprofesionales.eu\/?page_id=64\" data-type=\"page\" data-id=\"64\" target=\"_blank\" rel=\"noreferrer noopener\">invitamos a sentirse parte activa de esta comunidad<\/a>, a compartir sus experiencias, y a aprovechar las oportunidades de crecimiento y colaboraci\u00f3n que aqu\u00ed se generan.<\/p>\n\n\n\n<p>Reciban nuestra m\u00e1s sincera felicitaci\u00f3n y bienvenida.<\/p>\n\n\n\n<hr class=\"wp-block-separator has-alpha-channel-opacity\" style=\"margin-top:var(--wp--preset--spacing--30);margin-bottom:var(--wp--preset--spacing--30)\"\/>\n","protected":false},"excerpt":{"rendered":"<p>Estimados miembros, Es un honor darles la m\u00e1s cordial bienvenida al Registro General de Profesionales de la Uni\u00f3n Europea, un espacio creado para reconocer, fortalecer y visibilizar la labor de quienes, desde diversas disciplinas, contribuyen al progreso, la innovaci\u00f3n y la cooperaci\u00f3n en nuestra comunidad europea. Su incorporaci\u00f3n a este registro no solo constituye un [&hellip;]<\/p>\n","protected":false},"author":1,"featured_media":126,"parent":0,"menu_order":0,"comment_status":"closed","ping_status":"closed","template":"","meta":{"footnotes":""},"class_list":["post-125","page","type-page","status-publish","has-post-thumbnail","hentry"],"_links":{"self":[{"href":"https:\/\/registrogeneralprofesionales.eu\/index.php?rest_route=\/wp\/v2\/pages\/125","targetHints":{"allow":["GET"]}}],"collection":[{"href":"https:\/\/registrogeneralprofesionales.eu\/index.php?rest_route=\/wp\/v2\/pages"}],"about":[{"href":"https:\/\/registrogeneralprofesionales.eu\/index.php?rest_route=\/wp\/v2\/types\/page"}],"author":[{"embeddable":true,"href":"https:\/\/registrogeneralprofesionales.eu\/index.php?rest_route=\/wp\/v2\/users\/1"}],"replies":[{"embeddable":true,"href":"https:\/\/registrogeneralprofesionales.eu\/index.php?rest_route=%2Fwp%2Fv2%2Fcomments&post=125"}],"version-history":[{"count":3,"href":"https:\/\/registrogeneralprofesionales.eu\/index.php?rest_route=\/wp\/v2\/pages\/125\/revisions"}],"predecessor-version":[{"id":209,"href":"https:\/\/registrogeneralprofesionales.eu\/index.php?rest_route=\/wp\/v2\/pages\/125\/revisions\/209"}],"wp:featuredmedia":[{"embeddable":true,"href":"https:\/\/registrogeneralprofesionales.eu\/index.php?rest_route=\/wp\/v2\/media\/126"}],"wp:attachment":[{"href":"https:\/\/registrogeneralprofesionales.eu\/index.php?rest_route=%2Fwp%2Fv2%2Fmedia&parent=125"}],"curies":[{"name":"wp","href":"https:\/\/api.w.org\/{rel}","templated":true}]}}

<p>Estimados miembros,</p>



<p>Es un honor darles la más cordial bienvenida al <strong>Registro General de Profesionales de la Unión Europea</strong>, un espacio creado para reconocer, fortalecer y visibilizar la labor de quienes, desde diversas disciplinas, contribuyen al progreso, la innovación y la cooperación en nuestra comunidad europea.</p>



<p>Su incorporación a este registro no solo constituye un reconocimiento a su trayectoria y compromiso profesional, sino también una oportunidad para integrarse a una red que fomenta la excelencia, la colaboración interdisciplinar y el intercambio de conocimientos entre los distintos Estados miembros.</p>



<p>El objetivo de este registro es promover la confianza mutua, facilitar la movilidad profesional y respaldar el desarrollo de proyectos que generen un impacto positivo en nuestra sociedad. Confiamos en que su participación será valiosa para enriquecer este espacio y fortalecer el espíritu de unidad y cooperación que caracteriza a la Unión Europea.</p>



<p>Les <a href="https://registrogeneralprofesionales.eu/?page_id=64" data-type="page" data-id="64" target="_blank" rel="noreferrer noopener">invitamos a sentirse parte activa de esta comunidad</a>, a compartir sus experiencias, y a aprovechar las oportunidades de crecimiento y colaboración que aquí se generan.</p>



<p>Reciban nuestra más sincera felicitación y bienvenida.</p>



<hr class="wp-block-separator has-alpha-channel-opacity" style="margin-top:var(--wp--preset--spacing--30);margin-bottom:var(--wp--preset--spacing--30)"/>

<p>Estimados miembros, Es un honor darles la más cordial bienvenida al Registro General de Profesionales de la Unión Europea, un espacio creado para reconocer, fortalecer y visibilizar la labor de quienes, desde diversas disciplinas, contribuyen al progreso, la innovación y la cooperación en nuestra comunidad europea. Su incorporación a este registro no solo constituye un [&hellip;]</p>
